 113. What is the tens digit of m(d)?
0
Let l = 52 + -47. Suppose -4*u = -l*t + 1761 - 46, 0 = 2*t + 5*u - 719. What is the units digit of t?
7
Let m be (4 + -4)*(-2)/6. Let t(c) = -3 - c + 26 - 11. What is the tens digit of t(m)?
1
Let u(j) = 10*j**2 + 5*j + 2. Suppose -l - 3*d + 19 = 4*l, -13 = -5*l - d. Suppose 2*s - 2 - 2 = 0, 0 = -4*v + l*s + 8. What is the hundreds digit of u(v)?
1
Let k = 41 - 40. Suppose -r = 6 - k. What is the units digit of -1 - 15/r - -55?
7
Suppose -37*i + 168178 = -770993. What is the tens digit of i?
8
Suppose l - 2422 = -4*x + 12990, 3*l = -3*x + 11559. What is the tens digit of x?
5
Let x(q) = 2735*q + 2313. What is the hundreds digit of x(11)?
3
Let w = 78 - -45. Let z = w + -40. Let g = -31 + z. What is the units digit of g?
2
Let p(w) = 3*w**3 - 8*w**2 - 139*w + 6. What is the tens digit of p(15)?
4
Suppose -1095863 = -128*s + 36*s + 120101. What is the hundreds digit of s?
2
Let t = -404 + 409. Suppose 3947 = t*z + 5*p + 337, 2*z - p - 1432 = 0. What is the hundreds digit of z?
7
What is the ten thousands digit of (-20)/(-10) + -2 - (7746 + 0)*-6?
4
Suppose -10*z + 3712 = -6*z + 4*a, 4*a = 0. Suppose 5*v = -2*c + z, -536 = -3*v + 3*c + c. What is the tens digit of v?
8
Let i(u) = 3*u**2 + 5. Suppose -29 = 2*s - p, -4*p - 26 = 3*s + 12. What is the tens digit of i(s)?
9
Suppose -z - 4186 = -l, 26*l - 2*z + 8372 = 28*l. What is the hundreds digit of l?
1
Let n be 1/(-6) + 510/36. Suppose -123 = 3*t + 2*r, t = -2*t + 2*r - 123. Let m = n - t. What is the tens digit of m?
5
Suppose 0 = -129*i - 38*i - 4692430 + 13002684. What is the tens digit of i?
6
Suppose -y = 2*i + 37 - 26, -2*y = 3*i + 17. What is the thousands digit of 749/147 + i + 63246/63?
1
Let i(h) = -h**3 - 13*h**2 + 7*h + 118. What is the thousands digit of i(-31)?
7
Let p = 52 - 59. Let y be 16572/84 + 2/p. What is the units digit of 10/30 + y/3?
6
Let l(o) = -o + 8. Let f be l(3). Suppose -f*z + 1162 = -3128. What is the tens digit of z?
5
Suppose -184 = -3*q + 2*b, 2*q = 7*q - 2*b - 300. Suppose 4*f - 4*a - 342 = 74, 0 = -3*f - 5*a + 312. Let u = f - q. What is the units digit of u?
6
Let r(p) = 11*p + 21. Let q be r(29). Let n = 124 + q. What is the tens digit of n?
6
What is the units digit of 179/(2/(-58)*(-7)/7)?
1
Let c(h) = h**3 + h**2 - 2*h + 74. Let k(m) = 4*m + 24. Suppose -4*a = 2*z + 18, 2*z - 9 = 4*a + 7*z. Let q be k(a). What is the tens digit of c(q)?
7
Let d be (-1)/(1/(5 + -9)). Suppose -646 - 506 = -d*a. What is the units digit of a?
8
Let b = -285 - -289. Suppose b*m - 2*m + 3*z = 248, -5*m + 615 = 5*z. What is the units digit of m?
1
Suppose 36312 = 3*v + 3*x - 9033, 0 = 2*v + 7*x - 30220. What is the thousands digit of v?
5
Let c(f) = -f**3 - 7*f**2 - 4*f + 11. Let b be c(-6). Let z(p) = 768*p**2 + 16*p + 17. What is the tens digit of z(b)?
6
Let m be (-138)/1*(-4)/(-3). Suppose -154*q - 24447 + 42095 = -34866. Let o = q + m. What is the tens digit of o?
5
Let t be (1/(-2))/(3/18). Suppose 0*m + 0*m + 8*m = 0. What is the units digit of 453/(m - t)*1?
1
Suppose 3*o + 2610 = -4*k, 5*k - 2*o = 6*k + 650. Let n = -349 - k. What is the hundreds digit of n?
3
Let g(f) = 338*f - 1272. What is the tens digit of g(22)?
6
Suppose 17*g = -11*g + 204904. What is the thousands digit of g?
7
Suppose -2291 - 1125 = 4*m. Let d = -412 - m. What is the hundreds digit of d?
4
What is the thousands digit of (7762 - 22) + (-1 - -1) + 10?
7
Suppose 34*t - 12807 = 12*t + 19*t. What is the units digit of t?
9
Suppose t + 420 = -2*l - 241, -4*l - 1337 = 5*t. Let j = 590 + l. What is the units digit of j?
2
Let q(u) = 24*u**2 + 2*u - 3. Let x be q(1). Suppose 28*w = x*w + 2275. What is the tens digit of w?
5
Suppose 0 = -23*d - 29707 + 230428. What is the thousands digit of d?
8
Suppose -76675 = -25*x + 237050. What is the units digit of x?
9
Let z(m) = -m**3 - 17*m**2 - 74*m - 13. Let h be z(-9). Suppose 4*b = 5*c + 902, b + 894 = h*b - c. What is the units digit of b?
3
Suppose -n + 23 = 5*s, -2 + 21 = n + 4*s. Let u(v) = 28 + 19 - 10 - 2*v**n + 19 + v. What is the tens digit of u(0)?
5
Suppose 1 - 5 = -2*y. Let u(a) = -14*a - 182. Let c be u(-13). Suppose -2*w = -y*r - 148, c = 3*w - 5*r - 185 - 39. What is the tens digit of w?
7
Let c = 19500 - 12532. What is the tens digit of c?
6
Let u = 13191 + 2130. What is the units digit of u?
1
Let q(b) = -1897*b + 2131. What is the ten thousands digit of q(-16)?
3
Let s be 12/(-28) - 20/35. What is the tens digit of (3436/8)/(s/6*-3)?
5
Let x(g) = -534*g + 959. What is the units digit of x(-27)?
7
Let p = -11205 - -20572. What is the hundreds digit of p?
3
Let m be 46/138 - 2/6. Suppose m = -0*k + 4*k - n - 1356, -n - 1695 = -5*k. What is the units digit of k?
9
Let a = 419 - 223. Let w = -95 + a. What is the hundreds digit of w?
1
Let w(v) be the second derivative of 34*v**4 - v**2 + 83*v - 2. What is the hundreds digit of w(1)?
4
Let m(y) be the second derivative of -y**4/12 + 19*y**3/6 - 4*y**2 + y. Let l be m(18). Suppose -66 = -11*a + l*a. What is the tens digit of a?
6
Suppose -77*k + 12 = -74*k. Suppose 0 = k*r + 8, 3*x = 2*r + 220 + 354. What is the tens digit of x?
9
What is the tens digit of (-7 - 9863/(0 + 7))*(-31)/3?
3
Let b(a) be the second derivative of -a**5/10 - a**4/12 + a**3/6 + 7*a**2 - 97*a. Suppose -9*g = -6*g + 15. What is the units digit of b(g)?
4
Let x(w) = 3*w**2 - 5 - 2*w + 6*w + 6*w**2 + 2*w. What is the tens digit of x(-6)?
8
Suppose 5*x + 119*x = 4230756. What is the units digit of x?
9
Let l(q) = -39 - q**3 - 14*q**2 + q**3 - 2*q + 23 + q**3. What is the tens digit of l(15)?
7
Let f(v) = 5*v**2 - 5*v + 82. Let u be f(9). Suppose 0 = 9*n - u - 359. What is the units digit of n?
9
Let g(b) = 23*b**2 - 3*b + 0*b - 4 + 9*b + 0*b. Let y(j) = -114*j**2 - 30*j + 19. Let p(o) = 11*g(o) + 2*y(o). What is the tens digit of p(3)?
3
Let k = 306 + -302. Let o(f) = 38*f**2 - 15*f + 3. What is the units digit of o(k)?
1
Suppose -116*u + 207771 = -43*u - 290819. What is the tens digit of u?
3
Suppose 3*c - 37961 = 70*q - 72*q, 5*q = 3*c - 37912. What is the hundreds digit of c?
6
Let y(i) = -3*i - 5. Let w be y(-7). Suppose -10*l + w*l = 2658. Let r = l - 217. What is the hundreds digit of r?
2
Let f = 22355 + -1954. What is the tens digit of f?
0
Let u = 384 + -367. Suppose -a = -4*i - 33, 0 = 20*a - u*a - 5*i - 127. What is the tens digit of a?
4
Suppose 0 = 5*o - 2*t - 260 + 230, o = -2*t - 6. Let z be 141/2 - (-1)/2. Suppose 0 = -o*k + 2*v + 78, -k - 5*v = 3*k - z. What is the units digit of k?
9
Suppose -9*m + 5*m = -8. Let u be ((m + -2)/(-1) + 1)*-6. What is the tens digit of (-1 - 19/(-3))*(-63)/u?
5
Suppose -s = 3*s - 2*s. What is the units digit of 286 + 6/(-2) + 0 + s?
3
Suppose 4*n - 20 = 0, -5*p + 7719 = 5*n - 1866. What is the hundreds digit of p?
9
Suppose f - 53754 = -5*o, 16*o - 11*o + 4*f = 53766. What is the ten thousands digit of o?
1
Let x(z) = 322*z**2 + 55*z + 55. What is the hundreds digit of x(6)?
9
Let u(n) = 66*n**2 - 154*n - 58. What is the ten thousands digit of u(-19)?
2
Suppose -2439944 = -893*a + 835*a. What is the hundreds digit of a?
0
Suppose 17*v - 12*v = 3770. Suppose -c = -2*i + 4*i - 763, -c + v = 5*i. What is the hundreds digit of c?
7
Let j(z) = z**2 - 2*z - 36. Let o be j(5). Suppose 0 = -5*x + 2*b - 203, -2*b + 0*b - 2 = 0. Let s = o - x. What is the tens digit of s?
2
Suppose 20*g + 14*g - 836676 = -27*g. What is the hundreds digit of g?
7
Let p be (-6676)/(-6) - 3/(-9). Let k = 176 + p. What is the thousands digit of k?
1
Let x(j) = 2*j**3 - 3*j**2 - 5*j + 13. Let c be x(4). Let h = 15 + -11. What is the tens digit of c + -6 - h/(-1)?
7
Let q(h) = 2*h**3 + 75*h**2 + 53*h - 24. What is the thousands digit of q(-33)?
8
Let h = 1605 - 1575. Suppose r + r = 22. Suppose -j + r = -h. What is the units digit of j?
1
Suppose 3*x - 9 + 24 = 0, 2*w = -2*x + 7478. Suppose -2*b - w = -15*b. What is the hundreds digit of b?
2
Let t(n) = -n**3 - 4*n**2 - 6*n - 5. Let d(w) = -w**2 - 4*w + 3. Let s be d(-4). Suppose -s*g + 72 = -15*g. What is the tens digit of t(g)?
0
What is the tens digit of (-7 - 195/(-13)) + 8247?
5
Suppose -l + 37*l - 5*l - 5735 = 0. Let n(o) = o + 2. Let b be n(-2). Suppose y = -b*y + l. What is the hundreds digit of y?
1
Suppose 3*